me?
True
Is 6497833 prime?
False
Is 13666979 a prime number?
True
Is 2141861 prime?
False
Is 9391631 prime?
True
Is 93739 composite?
False
Is 35509745 composite?
True
Is 302491069 prime?
True
Is 23670041 composite?
False
Is 117152573 composite?
False
Is 135151157 prime?
False
Is 8667237 prime?
False
Is 91556209 a prime number?
True
Is 838553 a prime number?
True
Is 365980343 prime?
True
Is 29750477 a composite number?
True
Is 1953799 prime?
True
Is 821021361 a prime number?
False
Is 8536126 composite?
True
Is 6174283 prime?
False
Is 16073053 prime?
True
Is 103809301 a composite number?
True
Is 275839721 a composite number?
False
Is 283789057 a prime number?
True
Is 112579333 prime?
True
Is 3847499 a prime number?
True
Is 36185717 a prime number?
False
Is 8066003 a composite number?
True
Is 76328767 a prime number?
True
Is 184079407 a composite number?
False
Is 112747261 a prime number?
False
Is 246947557 a prime number?
False
Is 11743673 composite?
False
Is 81145763 composite?
False
Is 180644353 a composite number?
False
Is 16018459 a composite number?
False
Is 244964429 a prime number?
True
Is 5192797 composite?
False
Is 171369287 a prime number?
False
Is 173676842 prime?
False
Is 139071962 composite?
True
Is 12668847 composite?
True
Is 428204951 prime?
True
Is 9511477 composite?
False
Is 1992361 composite?
True
Is 24250129 a prime number?
True
Is 2133449 a composite number?
True
Is 4470143 a prime number?
True
Is 17869783 a composite number?
False
Is 2096311 a composite number?
True
Is 9847723 a prime number?
True
Is 68450873 prime?
False
Is 60868321 prime?
True
Is 4737979 a prime number?
True
Is 6544157 composite?
False
Is 128759 prime?
False
Is 4274671 prime?
True
Is 14355233 prime?
True
Is 11896669 composite?
True
Is 71821303 composite?
True
Is 7748393 a composite number?
True
Is 266541013 a composite number?
False
Is 121083169 a composite number?
True
Is 44263913 composite?
True
Is 6826543 a prime number?
True
Is 1595974 composite?
True
Is 61136923 a prime number?
True
Is 13902473 a prime number?
False
Is 63736133 a composite number?
True
Is 1509955 a prime number?
False
Is 22334843 prime?
False
Is 134131643 a prime number?
True
Is 688381 prime?
False
Is 75479279 prime?
True
Is 40305943 a composite number?
False
Is 606757 prime?
True
Is 34775431 a prime number?
True
Is 436969739 composite?
False
Is 1233641 prime?
True
Is 13002513 a prime number?
False
Is 14653087 a prime number?
True
Is 260769 a prime number?
False
Is 655591 prime?
False
Is 1853161 a composite number?
False
Is 794538193 composite?
True
Is 7244515 a prime number?
False
Is 48978197 a prime number?
True
Is 222394481 composite?
True
Is 49107 a composite number?
True
Is 38499163 a prime number?
True
Is 19115807 a composite number?
False
Is 101826779 a prime number?
True
Is 230727853 composite?
True
Is 48231587 composite?
False
Is 4445731 a composite number?
True
Is 154245695 a prime number?
False
Is 443039 a prime number?
True
Is 2344697 a composite number?
False
Is 65925661 a composite number?
False
Is 656801 a prime number?
False
Is 7000517 composite?
False
Is 900347 a prime number?
False
Is 1310251 a composite number?
False
Is 57478497 a prime number?
False
Is 8133757 prime?
True
Is 23592259 a prime number?
False
Is 44500103 composite?
False
Is 30780397 a composite number?
True
Is 1178794999 a prime number?
False
Is 392695 a prime number?
False
Is 419283673 prime?
False
Is 1265399 a prime number?
False
Is 4979167 a prime number?
False
Is 157452599 a composite number?
False
Is 2436089 prime?
True
Is 155850997 composite?
False
Is 172041701 a prime number?
False
Is 3689573 a composite number?
False
Is 2863979 a prime number?
True
Is 12521783 composite?
True
Is 2338997 composite?
False
Is 15617759 composite?
True
Is 35778671 a prime number?
False
Is 399473 a composite number?
False
Is 57779647 a prime number?
False
Is 10709417 a prime number?
False
Is 135127969 composite?
True
Is 24373214 a prime number?
False
Is 27743509 prime?
True
Is 6514883 a prime number?
True
Is 157945741 composite?
False
Is 3728801 a composite number?
True
Is 863349 a prime number?
False
Is 38739529 a prime number?
False
Is 3163201 composite?
False
Is 949493 a composite number?
True
Is 2575753 prime?
True
Is 5627995 prime?
False
Is 42170449 a composite number?
False
Is 70461777 a composite number?
True
Is 592454809 a composite number?
False
Is 3854073 a composite number?
True
Is 53657797 prime?
False
Is 6603247 a composite number?
True
Is 198596939 a prime number?
False
Is 20267977 a composite number?
True
Is 1704713 composite?
False
Is 1319261 composite?
False
Is 1422137263 prime?
True
Is 57982967 composite?
True
Is 9136807 composite?
False
Is 5426173 a composite number?
False
Is 2345233 prime?
False
Is 243975527 prime?
True
Is 9282269 prime?
True
Is 408192767 composite?
False
Is 174485 a prime number?
False
Is 156568391 composite?
True
Is 16462117 prime?
False
Is 26491571 a prime number?
False
Is 15473035 composite?
True
Is 175468037 prime?
True
Is 3112609 prime?
True
Is 2323549 composite?
False
Is 28821109 composite?
False
Is 535603 composite?
True
Is 3076621 composite?
False
Is 25749263 a prime number?
True
Is 159741613 a composite number?
False
Is 1067083 a composite number?
False
Is 6819443 a prime number?
True
Is 330521 prime?
False
Is 11134427 a composite number?
False
Is 29101643 a prime number?
True
Is 66585613 prime?
False
Is 187513193 a prime number?
False
Is 54675611 composite?
False
Is 367097 a composite number?
False
Is 808261 composite?
False
Is 4349881 composite?
False
Is 12086839 prime?
True
Is 16828717 a composite number?
True
Is 62246215 composite?
True
Is 36535039 composite?
False
Is 3006269 a composite number?
True
Is 9897367 a prime number?
True
Is 10023899 prime?
False
Is 23272369 a composite number?
True
Is 16776629 prime?
False
Is 194149 prime?
True
Is 1694149 prime?
False
Is 210551487 a composite number?
True
Is 5620883 a composite number?
False
Is 61474991 composite?
True
Is 504287657 prime?
True
Is 54630361 a composite number?
True
Is 115463639 prime?
True
Is 14567329 a prime number?
False
Is 86064361 composite?
False
Is 1605343 prime?
False
Is 17357383 a composite number?
False
Is 9240823 a prime number?
False
Is 25190519 a composite number?
True
Is 72852233 a prime number?
True
Is 4638421 a prime number?
False
Is 810474991 prime?
False
Is 463182827 prime?
False
Is 21940229 prime?
False
Is 622663 composite?
False
Is 587435311 prime?
True
Is 18346831 composite?
True
Is 10966687 a composite number?
False
Is 2403873749 a composite number?
True
Is 174384887 a prime number?
True
Is 24172571 prime?
True
Is 2411351 a composite number?
False
Is 6783767 a prime number?
False
Is 58394863 a composite number?
False
Is 530371 a composite number?
True
Is 1102319 a composite number?
True
Is 547367 a prime number?
False
Is 1657727 prime?
False
Is 155166721 a composite number?
False
Is 1786243 prime?
False
Is 2236417 a prime number?
True
Is 2236627 prime?
True
Is 7258063 prime?
True
Is 193885201 prime?
False
Is 23581199 prime?
False
Is 2017174 prime?
False
Is 4425842 composite?
True
Is 59144863 a composite number?
False
Is 764261 a prime number?
True
Is 3181679 prime?
True
Is 113297681 prime?
False
Is 7599121 a composite number?
False
Is 6995581 a composite number?
True
Is 38114173 composite?
False
Is 528559 prime?
True
Is 17739517 a prime number?
False
Is 19165493 composite?
True
Is 82250227 a prime number?
True
Is 92089159 composite?
False
Is 168173477 prime?
False
Is 234318541 a composite number?
True
Is 53997539 a prime number?
True
Is 2324617 prime?
True
Is 74279 prime?
True
Is 39732113 a prime number?
True
Is 9187397 composite?
False
Is 79321087 prime?
True
Is 71663 a composite number?
False
Is 7561271 a prime number?
True
Is 9055613 composite?
True
Is 57093229 a composite number?
True
Is 13315889 a prime number?
True
Is 464607023 a prime number?
True
Is 560147 a composite number?
True
Is 31037077 a composite number?
False
Is 501473989 a composite number?
True
Is 12823697 prime?
False
Is 153200373 prime?
False
Is 27506899 prime?
False
Is 503857 composite?
False
Is 13722083 prime?
True
Is 10329041 prime?
True
Is 24502901 a composite number?
True
Is 36122701 prime?
True
Is 449051 a